1/2*j**2 - 1/20*j**5. Calculate w(-4).
5
Let q(s) = s**3 + 4. Let c(k) = 20*k + 20*k + 2*k**3 - 41*k + 9 - k**2. Let w(f) = -2*c(f) + 5*q(f). Calculate w(-2).
-2
Let d(m) = -m**3 + 5*m**2 + 3*m - 3. Suppose -5*g + 9*g - 16 = -2*q, -2*g = -5*q + 28. Calculate d(q).
-21
Suppose 0*l - 4 = -4*l. Let r(h) = 15*h - l - 17*h - 3 + 2. Determine r(-2).
2
Let r(q) = -q**3 - 7*q**2 + 8*q - 2. Let z = -1446 - -1439. Calculate r(z).
-58
Let k be (-2 - 21/(-9))*-51. Let p = -12 - k. Suppose 6*t - p = t. Let l(z) = 4*z**3 + 2*z**2 - 2*z + 1. Calculate l(t).
5
Let x(r) = 10*r + 6. Let o(n) = -13*n - 7. Let t(k) = 4*o(k) + 5*x(k). Give t(6).
-10
Let w(q) be the third derivative of q**4/12 - 2*q**3/3 - 3*q**2 + 2*q. Let l(h) = h - 4. Let d(c) = 3*l(c) - 2*w(c). What is d(-3)?
-1
Let c(b) = b**3 - 5*b**2 - 4*b - 2. Let u(t) = 7*t**3 - 29*t**2 + 3*t + 10. Let h be u(4). What is c(h)?
10
Let r = 16 + -12. Suppose -x + 2*s - 16 = -3*x, 3*x - r*s - 10 = 0. Let d(k) = -3*k - 24*k**2 + 12*k + 6 + 23*k**2 - 3*k. Give d(x).
6
Let a be 12/15 - 57/72. Let i(h) be the third derivative of 0*h + 2*h**2 + 1/6*h**3 + a*h**6 + 1/30*h**5 + 0*h**4 + 0. Calculate i(-2).
1
Let h(f) = -2*f**2 - 3*f + 2. Let g(d) = -3*d - 9. Let y be g(5). Let j = y - -21. What is h(j)?
-7
Let o(f) = f**2 - 5*f - 7. Let k(m) = 3*m**2 - 14*m - 21. Let v(w) = 3*k(w) - 8*o(w). What is v(5)?
8
Let s(d) = d**2 + 0*d**2 + 1 - 13273*d + 13276*d. Determine s(-2).
-1
Let k(u) = -u**2 + 7*u - 1. Let t(s) = 2*s**3 - 18*s**2 + s - 4. Let f be (38/57)/(2/27). Let b be t(f). Determine k(b).
9
Let r be (-6)/4 + 13/(-26). Let i be (-4 - r) + 1 - -3. Let n(a) = -a**3 - a**2 - 3*a + 2. Determine n(i).
-16
Let x(v) = -v**3 - 6*v**2 - 6*v - 1. Let d be 1*(-1)/(-3)*-12. What is x(d)?
-9
Let g(f) be the third derivative of f**4/24 - 4*f**3/3 - 554*f**2 + 2*f. What is g(4)?
-4
Let a(k) = -5*k**2 - 4. Suppose 8 = -5*v - 7. Give a(v).
-49
Let d(r) = r - 3. Let i(y) = -y - 10. Let o(p) = p**2 - 9*p + 2. Let a be o(6). Let v be i(a). Determine d(v).
3
Suppose -10 = -2*g, -x - 3 = -g + 1. Let s = -3 + x. Let m(r) be the first derivative of r**4/4 + r**3/3 + r**2 - r - 138. Give m(s).
-9
Let w(l) = l**3 + 4*l**2 - 6*l + 2. Let z be 8 - (-3)/(-6)*6. Suppose -3*s = -p + 19, 0*p = s - z*p + 25. What is w(s)?
7
Let f(v) = 7*v + 9. Let z(s) = 2*s + 3. Let x(r) = -6*f(r) + 17*z(r). Suppose 5*d + 13 = -b, 5*b - 5*d + 4*d = -13. What is x(b)?
21
Let a(v) = v - 9. Suppose 4*n + 0*n = 5*t - 45, t = -2*n - 5. Let j(h) = 4*h + 3. Let b(z) = -z. Let g(u) = -6*b(u) - 2*j(u). Let d be g(n). Give a(d).
-5
Let l(i) = -10*i - 198 + 594 - 203 - 194. Calculate l(-3).
29
Let y(f) be the second derivative of f**5/120 + 7*f**4/24 - 7*f**3/3 - 5*f. Let p(j) be the second derivative of y(j). Give p(-7).
0
Let v be (4/6)/(1/(-3)). Let d be (-1)/((-9)/234) + 4. Let q be (d/9)/(v/3). Let c(p) = p + 7. Calculate c(q).
2
Suppose 57 - 69 = z. Let b be (14/21)/(z/9 + 1). Let d(a) = -3*a + 2. Determine d(b).
8
Let c be (-1 + -1 + -1 + 2539)*1. Let i(y) = -3 + 0*y**3 + c*y**2 + y**3 - y - 2536*y**2. Give i(0).
-3
Let r(j) = 3*j**2 - 4*j - 2. Let p(s) = -s**2 + s - 1. Suppose t + 2*t + 4*v = 0, -5*v = -5*t + 35. Let h = t - 2. Let m(c) = h*p(c) + r(c). Give m(4).
4
Let m(g) = -3*g**2 + 10*g. Let d(p) = -4*p**2 + 13*p + 1. Let r(a) = 2*d(a) - 3*m(a). Determine r(5).
7
Let t(c) = 15 - 3*c - 5*c**2 + 4*c**2 + 15 - 22. What is t(-8)?
-32
Suppose -5*f + 2*l + 1 = 0, 0 = -5*f - 8*l + 5*l - 14. Let g(j) = -4*j**2 - j - 1 - 4 + 6 + 2*j. Let w(i) = i**2 + i. Let y(n) = g(n) - w(n). Give y(f).
-4
Let g(o) = -3*o - 17. Let h(w) = w + 8. Let c(v) = 2*g(v) + 5*h(v). Suppose 16 + 64 = -10*a + 10. Determine c(a).
13
Let w(d) = d**2 - 5*d - 1. Let i(n) = -4*n - 6*n - n**2 - 2 - 7 + n. Let q be 2/(-4) + (-13)/2. Let g be i(q). Determine w(g).
-1
Let s(m) = m**3 + 6*m**2 + 4*m - 2. Let b be (-18)/(-22) - 2/(-11) - -14. Let n = 4 - 0. Suppose -n*v - b = x + v, -v - 7 = x. Determine s(x).
3
Let g(m) be the first derivative of 2*m**3/3 - 3*m - 300. Determine g(3).
15
Let s(b) = -7*b**3 + 7*b**2 - 8*b - 5. Let i(h) = 6*h**3 - 7*h**2 + 8*h + 4. Let q(a) = 6*i(a) + 5*s(a). What is q(6)?
11
Let q be (-1 + -2)*(2 - 1). Let x be 2/(-6) - 7/q. Suppose 5*i - 4*j = -16, 3*i - 8 = 2*i - x*j. Let f(y) = -y + 4. Determine f(i).
4
Let s(m) = m**3 - 6*m**2 + 3*m - 6. Let d be s(4). Let k be (-1)/3 - d/6. Let a(q) = 2*q - 4*q + 6 - q. Determine a(k).
-6
Let f(w) = -8*w**2 + 3*w**3 - 4*w**3 - 8 - 9*w + 3. Suppose 0 = -5*l - 2*g - 35, 5*g - 3*g + 7 = -l. Determine f(l).
9
Let k(x) = -7 + 6*x**2 - 28*x - 7*x**2 - x**3 + 0*x**3 + 13*x**2 + 8*x. Determine k(10).
-7
Suppose 4*f + 5*n = -4, -f - 3*n + 0*n = 8. Suppose -3*q = f*q - 56. Let b(t) = -t**2 + 8*t - 2. Give b(q).
-2
Let p(m) be the third derivative of m**6/120 + m**5/15 + m**4/12 + m**3/6 - 638*m**2. Suppose 0 = g - 0 - 3. Let x = g + -6. Determine p(x).
4
Suppose 261 - 279 = 6*w. Let n(f) = -7*f - 7. Calculate n(w).
14
Let n(j) = -j**3 + j**2 + j - 1. Let i be n(1). Suppose x = 0, 2*s + 3*x = -i*s + 8. Let q(k) = -k**2 + 2*k. Determine q(s).
-8
Let u(t) = 7*t + 7. Let m = 412 - 417. Give u(m).
-28
Let c(u) be the first derivative of 1/2*u**2 - 1/6*u**3 - 6 - 5*u. Let a(s) be the first derivative of c(s). What is a(-2)?
3
Let d(t) be the third derivative of t**5/30 + t**4/8 + t**3/6 - t**2. Let b(g) = g**3 - 7*g**2 + 6*g - 115. Let x be b(8). Determine d(x).
10
Let p be 3/4*(8 + 0). Let b(n) = -5*n**3 - 26*n**2 - 35*n - 42. Let o(x) = -3*x**3 - 17*x**2 - 22*x - 27. Let r(g) = -5*b(g) + 8*o(g). Give r(p).
-12
Let q(b) = 3*b - 1. Let d be q(3). Let k be 2*(3 - (d + -3)). Let m be (-1)/k + (-2)/8. Let l(o) = -o - 6. Give l(m).
-6
Let g(s) = 202*s - 399*s + 198*s - 2*s**3. Calculate g(1).
-1
Let a(h) be the second derivative of h**2/2 + 23*h. Let z(i) = -3*i - 3. Let q(t) = -6*a(t) - z(t). Let y = -10 + 14. Determine q(y).
9
Let c(s) = -2*s - 18. Let g be c(-12). Let t(a) = -4 - 1 + a + a - g*a. Calculate t(4).
-21
Let a(n) = 8*n + 78. Let p be a(-10). Let g(i) be the third derivative of i**4/12 - i**3/3 - 7*i**2. Calculate g(p).
-6
Let y(c) be the third derivative of c**6/120 + c**5/10 - c**4/3 - c**3 + 32*c**2. Give y(-7).
1
Let f(r) = r + 1. Let w(k) = k**2 - 8*k - 1. Let p be w(8). Let c be (0 - p)/(2/24). Suppose 3*d - 6 = -5*j + 4*j, -5*d = -2*j + c. What is f(j)?
7
Let o(i) = 1 + 4125*i - 7*i**2 - 8249*i + i**3 + 4123*i. Give o(5).
-54
Let i(x) = -x**2 - 3*x + 2. Let t(k) = 4*k**2 + 12*k - 8. Let q(f) = 9*i(f) + 2*t(f). Let l be (0/6)/(0 + 2). Suppose l = 2*r - 3*r - 3. Determine q(r).
2
Let y(d) be the first derivative of -d**2 + d + 77. What is y(6)?
-11
Let d(w) be the third derivative of w**5/60 + w**4/6 + w**3/2 - 7*w**2 - 13*w. Determine d(-3).
0
Let s(v) = 4*v**2 + 4*v + 4. Let a(h) = h**3 - 8*h**2 + 4*h + 18. Let n be a(7). What is s(n)?
28
Let t(q) be the first derivative of -q**3 - 2*q**2 + q + 1717. Let o = -2 - 1. Determine t(o).
-14
Let x(f) = -f**3 + 6*f**2 + 9*f - 5. Suppose 5*p - 3*p - 3*j = 14, 21 = 3*p + j. Calculate x(p).
9
Suppose 2*s + 7 = c, -c = 4*s + 2*c + 29. Let h(a) = -a**3 - 2*a**2 - a - 10. Let b be h(-3). Let z(l) = 6*l + 0*l + 38 + l**3 - 32 + 6*l**b. Calculate z(s).
1
Let c = 789 + -786. Let q(z) = -z - 2. Determine q(c).
-5
Let w(l) = -l**3 - 6*l**2 + 5*l - 18. Let s be w(-7). Let k(z) = z**3 + 3*z**2 + 5. Give k(s).
-11
Let z(d) = d**2 - 5*d. Let o(x) = 2*x**2 - 5*x - 16. Let w be o(-2). Let h be w*((-5)/(-10) - -1). Determine z(h).
-6
Let r(y) be the first derivative of -3*y + 5 + 5/2*y**2. Determine r(2).
7
Let y(s) = -s**3 + 5*s**2 + 6*s - 5. Suppose -56 = -11*r + 7*r. Suppose -4*h + 5*h - r = 2*x, 0 = -2*x - 8. Determine y(h).
-5
Let m(n) = 2*n**3 + n**2 - 1. Let l(w) = -2*w**2 + 2*w - 1. Let o be l(1). Give m(o).
-2
Let l(p) be the third derivative of 0*p**4 + 0 - 2/3*p**3 + 0*p - 13*p**2 + 1/60*p**5. Give l(4).
12
Suppose -4*g = 5*n - 23 - 0, 0 = 3*g - 6. Let a(m) = -2*m**2 + 3*m**2 + 4*m - 5*m**3 + 0*m**3 + 4*m**3. Calculate a(n).
-6
Let s be 264/(-10) + (-8)/(-20). Let i = -23 - s. Let z(v) = -v**2 - v - 2. Give z(i).
-14
Let m(f) be the second derivative of -2*f**3/3 + 2*f**2 + 75*f. Give m(6).
-20
Suppose -10 = 114*m - 112*m. Let r(n) = n**3 + 3*n**2 - 8*n + 7. Give r(m).
-3
Let c(m) = m**2 + 5